 12 divide g?
True
Let v(r) = -r**3 - 2*r**2 + 3*r - 2. Let b be v(-4). Let x = b - 4. Is 6 a factor of x?
False
Does 5 divide (-45)/27*6*-1?
True
Suppose -3*n + 8 = 2*b, -3*n - 4 = -3*b + 8. Let t(x) = -x + 5. Let c be t(n). Let d = 11 - c. Is 6 a factor of d?
True
Let p = 1 + -2. Let t be ((-6)/(-18))/(p/(-9)). Suppose t*n - 58 = -10. Does 8 divide n?
True
Let i(x) = x + 7. Let l be i(-3). Suppose -l*k - 2 = -5*m, 0 - 10 = -k - 4*m. Suppose 8 = k*p - 0. Does 4 divide p?
True
Let z(f) = f**3 + 3*f**2 + f. Let s be z(-2). Suppose s*v - v + 9 = 0. Does 16 divide (-13)/(3/v + 0)?
False
Suppose 4*p + 3*q + 47 = 0, 5*p - 2*q = -6*q - 59. Let k(h) = -4*h - 16. Is k(p) a multiple of 15?
False
Suppose 3*s = 12 + 3. Is 3 a factor of 6/s*5/2?
True
Suppose -49 = -y + 5. Suppose -5*o + 305 = -2*r + y, o - 55 = -2*r. Is o a multiple of 17?
True
Let i = 93 - 52. Suppose -5*t - 5*k = -4*k - i, 0 = -t + 3*k + 21. Does 3 divide t?
True
Let o = 6 + -4. Suppose -3*r + 0*r - 4*g = -27, -2*r = o*g - 18. Is 2 a factor of r?
False
Let q(y) = -y - 5 - 2*y**2 + 0*y + 3*y**2 - 6*y. Does 7 divide q(9)?
False
Suppose 0 = 5*w + 6 - 1. Let c be 1 + w - (-135)/3. Suppose 3*h = -0*h - 3*y + c, 3*y + 3 = 0. Is h a multiple of 9?
False
Let z(j) = 4*j + 5. Let t be z(-5). Let m = -3 - t. Is m a multiple of 6?
True
Suppose -3*v = 3*p - 6*p - 36, 4*v = 2*p + 26. Let h = p + 15. Suppose 2*w + w - 6 = -n, -24 = -h*n + 3*w. Does 6 divide n?
True
Let d(p) = -p**3 + 10*p**2 - 5*p - 4. Suppose 3*l = 5*x - 13 - 38, -3*x + 25 = l. Does 17 divide d(x)?
False
Let q(g) = 4*g**2 - 4*g + 1. Let t be q(4). Suppose 0 = 3*u - 3*x - 438, u = 4*u - x - 436. Suppose k = -4*k + 3*s + u, 2*k = 3*s + t. Is 16 a factor of k?
True
Suppose 0 = -2*g + 2. Let p(m) = 38*m**3 + m**2 - 2*m + 1. Is 19 a factor of p(g)?
True
Suppose 0*b - b = -46. Is b a multiple of 14?
False
Let i(n) = n**3 - 5*n**2 - 3*n + 3. Is i(7) a multiple of 12?
False
Suppose 0 = w + 15 + 5. Is ((-35)/w)/(1/4) a multiple of 4?
False
Let r(o) = -o - 5. Let i(z) = 1. Let k(m) = i(m) + r(m). Let f be k(-9). Suppose f*q - 23 = 17. Is 8 a factor of q?
True
Let i(u) be the third derivative of -u**4/12 - u**3/3 + 3*u**2. Is i(-3) a multiple of 3?
False
Suppose -8*b - 195 + 747 = 0. Is b a multiple of 16?
False
Let k(a) = a - 1. Let p be k(10). Suppose -p*b = -6*b - 174. Is 29 a factor of b?
True
Let o(a) = -a**3 + 3*a**2 - 2*a + 3. Let f be o(2). Suppose f*c - 184 = -2*r, -4*r = -5*r - 1. Is 16 a factor of c?
False
Suppose 336 = 3*p - 0*a - 3*a, -2*p = a - 224. Is p a multiple of 27?
False
Let q(v) be the first derivative of -5*v**4/2 + v**3/3 - v**2/2 - v + 1. Does 3 divide q(-1)?
False
Let o be 2/7 - 185/35. Let q = o - -8. Suppose -q*v + 4*c = v - 96, 4*v - 2*c = 104. Is 18 a factor of v?
False
Let k(z) = -z - 2. Let q(o) = 3. Let h(v) = 2*k(v) + 3*q(v). Suppose 0*t + 4*t + 28 = 0. Is h(t) a multiple of 11?
False
Suppose -5*z = -4*z + 210. Does 19 divide 6 + -5 + z/(-3)?
False
Let k = -24 + 14. Let u be 10/(-2) + 3 - -8. Is (-236)/k + u/15 a multiple of 12?
True
Suppose 3*z = -q + 1043, -6*q + 8*q = 3*z - 1037. Is 15 a factor of z?
False
Let h(n) = n**3 + 6*n**2 - 8*n - 2. Suppose -2*u - 14 = -d, -2*u - 5*d = -3*u - 16. Does 20 divide h(u)?
False
Let p be 4/(-6)*(-15)/(-5). Let n(k) = -4*k - 2. Is n(p) a multiple of 5?
False
Suppose 0 = -3*n + 7*n - 188. Does 23 divide n?
False
Suppose -19 = -3*g + 35. Let x be ((-2)/1)/(2/(-4)). Let j = g - x. Does 7 divide j?
True
Suppose 2*k - 3*k = -39. Suppose -2*n + k = -167. Is n a multiple of 26?
False
Suppose -4*h = 2*o - 3*h - 1, -26 = -2*o + 4*h. Let q be o*((-6)/3)/(-6). Suppose q = -v + 12. Is 11 a factor of v?
True
Suppose 2*g + 4 = 4*g. Let x = 208 - 111. Suppose -4*y - 3*s + 51 = -y, -5*y = g*s - x. Is 8 a factor of y?
False
Let g = 5 - 5. Suppose g*p - 10 = -2*p. Is 3 a factor of p?
False
Let b(p) be the first derivative of -9*p**4/4 - p**2/2 - p + 1. Let v be b(-1). Suppose y - 35 + v = 0. Is 13 a factor of y?
True
Let c(r) = -r**2 + 7*r - 2. Let h(z) = -z**2 - 4*z + 5. Let q be h(-4). Does 8 divide c(q)?
True
Suppose -3*p + 6*p = 45. Does 8 divide (36/p)/((-6)/(-20))?
True
Let h(y) = 3*y**2 + 15*y - 1. Let u(w) = -2*w**2 - 8*w + 1. Let r(i) = -4*h(i) - 7*u(i). Is r(5) a multiple of 9?
True
Let b(m) = 5*m + 15. Does 35 divide b(4)?
True
Let u = 402 + -247. Is u a multiple of 10?
False
Let h(t) = -t**2 - 8*t + 13. Let j be h(-9). Does 19 divide -2*38/j*-3?
True
Let r = 49 + -28. Does 18 divide r?
False
Let c = 175 + -105. Suppose -2*w = -4*w + c. Is 7 a factor of w?
True
Let h(d) = -2*d - 4. Let t be h(-6). Suppose 8 = 2*a - t. Does 2 divide a?
True
Let q = 4 + 0. Suppose -2*l + q + 46 = 0. Does 9 divide l?
False
Let z be 0/2 + (3 - 1). Suppose 9 = -z*c + 37. Does 6 divide c?
False
Suppose -5*q = 2*v + 24, -2*v - 3*q - 13 - 7 = 0. Let n = -7 - v. Suppose 2*o + 5*s - 4 = s, n = 5*s + 25. Is o a multiple of 6?
True
Suppose 4*s + 7*h = 4*h + 171, -s + 64 = 5*h. Is s a multiple of 7?
False
Suppose c + 16 = 78. Is 17 a factor of c + -2 - (-1 - -3)?
False
Let s(n) = 25*n - 7. Is s(4) a multiple of 19?
False
Let d(p) = 4*p + 10. Suppose 10 = -q + 2*q. Does 10 divide d(q)?
True
Suppose b - 22 = 2*y + y, y + 3*b + 24 = 0. Let k(j) = j**3 + 10*j**2 + 8*j - 5. Is k(y) even?
True
Suppose 5*t = -4*y + 76, 4*t - 5*y + y = 32. Let w = 21 - t. Does 3 divide w?
True
Let r(n) be the third derivative of -1/120*n**6 + 0*n - 1/3*n**3 + 1/10*n**5 - 1/24*n**4 + 0 + 2*n**2. Is 7 a factor of r(5)?
False
Let s(t) = 6*t - 1. Does 7 divide s(6)?
True
Let w(z) = -91*z. Is w(-1) a multiple of 13?
True
Suppose 46 = 3*g + 1. Is g a multiple of 5?
True
Let p = 17 + 46. Let f = p - 28. Is f a multiple of 15?
False
Let x be (1 + 33/(-3))/(-2). Suppose 7 + 12 = -3*y - 5*a, -x*y + 4*a = -30. Does 2 divide y?
True
Let l = -41 + 69. Suppose s - 4*y + 66 = 3*s, 4*y + 221 = 5*s. Let n = s - l. Does 11 divide n?
False
Let f(t) = 3*t - 8. Let s = -4 + 13. Suppose 0 = 2*i - r - s, -i - 4*r = -6 - 12. Is f(i) a multiple of 10?
True
Let q be 0/(5/((-20)/8)). Suppose -2*d - d + 15 = q. Is 4 a factor of d?
False
Let f be (-23)/(-5) + 8/20. Suppose f - 3 = i. Suppose 5*p = 5*g - 145, -110 = -i*g - 4*p - 28. Is g a multiple of 11?
True
Let a(u) = u**3 + 4*u**2 + u + 3. Let y be a(-3). Let j = 43 + y. Does 26 divide j?
True
Suppose 0*u + 512 = 4*u. Suppose u = o + 3*o. Suppose 0 = -3*d - 5*p + 63 - 17, 4*p - o = -2*d. Does 6 divide d?
True
Let h(f) = f**3 - 6*f**2 + f - 3. Let d be h(6). Suppose 0 = -o - 0*o. Suppose o*x = d*x - 33. Does 4 divide x?
False
Suppose -4*u + 4 = -4. Suppose 0 = -u*b + 6 + 10. Is 3 a factor of b?
False
Is 4*3/(6 + -3) even?
True
Let p(b) = -9*b**3 + 12*b**2 - 19*b. Let n(c) be the first derivative of 5*c**4/4 - 2*c**3 + 5*c**2 - 1. Let x(t) = -7*n(t) - 4*p(t). Is 12 a factor of x(6)?
True
Suppose -20 - 64 = -2*z. Does 14 divide z?
True
Suppose 0 = 2*l + l + 12. Let g be 6 + 2 - (-4)/l. Let y = 3 + g. Is 4 a factor of y?
False
Suppose 3*c + 3*q + 6 = 0, -c + 6*c = -4*q - 6. Is 16 a factor of (85/10)/(c/4)?
False
Let u = 67 - 47. Is u a multiple of 10?
True
Suppose -250 = 2*u - 2*l, -3*u - 4*l = 67 + 301. Does 11 divide (-1)/2*u/2?
False
Let z be (24/36)/((-1)/(-126)). Does 13 divide (-157)/(-6) - 14/z?
True
Let n = 146 + -100. Is 6 a factor of n?
False
Let d = -141 - -206. Is d a multiple of 14?
False
Let b be 10*((0 - 0) + 1). Let t(s) = s**2 - 2*s + 3. Let q be t(-4). Let f = q - b. Is f a multiple of 8?
False
Suppose 0 = -n - 0*n + 20. Suppose 41 = 4*r - 5*u - 4, -u = -3*r + n. Suppose -4*d + r = -3*d. Does 2 divide d?
False
Suppose -197 = -5*c - 4*j, -c - 4*c - 2*j + 191 = 0. Let l = c + -18. Is l a multiple of 17?
False
Let d(k) be the third derivative of k**4/12 + k**3/3 - k**2. Is d(6) a multiple of 4?
False
Suppose 0 = 24*f - 29*f + 205. Is f a multiple of 13?
False
Let z be -1*(2 + -3)*49. Let b = z + -22. Is 8 a factor of b?
False
Let x(d) = -d + 6. Let i be x(6). Does 5 divide 6 + 3 + -2 - i?
False
Let r(m) = -m**3 + 7*m**2 - 7*m + 5. Let a be r(4). Let p = -10 + a. Is 5 a factor of p?
True
Suppose 3*g + g = 8. Suppose 68 = 7*p - g*p - 2*i, 3*i = -2*p + 31. Is 7 a factor of p?
True
Suppose 0 = -2*p + 56 + 66. Does 12 divide p?
False
Is -4 + 32 - (5 - 2) a multiple of 3?
False
Let z(a) = 28*a**2. L